{"id":304,"date":"2026-04-07T17:05:00","date_gmt":"2026-04-07T15:05:00","guid":{"rendered":"https:\/\/tbm2026paris.org\/?page_id=304"},"modified":"2026-04-26T15:11:23","modified_gmt":"2026-04-26T13:11:23","slug":"formation-continue","status":"publish","type":"page","link":"https:\/\/tbm2026paris.org\/index.php\/formation-continue\/","title":{"rendered":"Formation Continue"},"content":{"rendered":"<div class=\"wpb-content-wrapper\"><p>[vc_row][vc_column width=&#8221;1\/2&#8243;][vc_column_text css=&#8221;&#8221;]<strong>Formation Continue (FMC) \u2014 TBM 2026 Paris<\/strong><\/p>\n<p>Faites prendre en charge votre venue au TBM 2026 par votre service formation. Chaque participant qui assistera au TBM 2026 en pr\u00e9sentiel et\/ou en distanciel disposera de son attestation de pr\u00e9sence.<\/p>\n<p><strong>Organisme de formation : CARCO<\/strong><\/p>\n<p>Num\u00e9ro d&#8217;activit\u00e9 de formation : 11754986775<\/p>\n<p>Num\u00e9ro Datadock : 0076491<\/p>\n<p>Num\u00e9ro de SIREN : 343474771<\/p>\n<p>Num\u00e9ro Qualiopi : QUA007936[\/vc_column_text][\/vc_column][vc_column width=&#8221;1\/2&#8243;][vc_single_image image=&#8221;306&#8243; img_size=&#8221;Full&#8221; css=&#8221;&#8221;][\/vc_column][\/vc_row][vc_row][vc_column][vc_column_text css=&#8221;&#8221;]<strong>La Formation au TBM 2026 \u2013 constitution du programme<\/strong><\/p>\n<p>Le programme scientifique du TBM 2026 est \u00e9labor\u00e9 par le Comit\u00e9 Scientifique International du congr\u00e8s, r\u00e9unissant des experts reconnus dans le champ de la mentalisation. Il est compos\u00e9 \u00e0 partir d&#8217;appels \u00e0 communications et d&#8217;invitations d&#8217;intervenants s\u00e9lectionn\u00e9s pour la qualit\u00e9 de leur contribution \u00e0 la recherche et \u00e0 la pratique clinique dans ce domaine.<\/p>\n<p><strong>Objectif de la Formation au TBM 2026<\/strong><\/p>\n<p>La formation au TBM 2026 sera l&#8217;occasion de faire le point sur l&#8217;actualit\u00e9 scientifique internationale dans le domaine de la mentalisation et d&#8217;acc\u00e9der \u00e0 des contenus th\u00e9oriques, pratiques et innovants issus de la recherche.<\/p>\n<p>L&#8217;objectif de la formation est d&#8217;am\u00e9liorer les pratiques dans le domaine de la mentalisation. Le programme permettra notamment :<\/p>\n<ul>\n<li>d&#8217;enrichir la communication th\u00e9rapeutique gr\u00e2ce aux apports des approches bas\u00e9es sur la mentalisation<\/li>\n<li>d&#8217;explorer de nouvelles strat\u00e9gies d&#8217;intervention clinique fond\u00e9es sur la recherche<\/li>\n<li>d&#8217;am\u00e9liorer sa pratique dans la th\u00e9matique Mentalisation et Trauma<\/li>\n<li>d&#8217;am\u00e9liorer sa pratique dans la th\u00e9matique Mentalisation et Adolescence<\/li>\n<li>d&#8217;am\u00e9liorer sa pratique dans la th\u00e9matique Mentalisation et Autisme (MBT-C)<\/li>\n<li>d&#8217;am\u00e9liorer sa pratique dans la th\u00e9matique Mentalisation et Troubles de la Personnalit\u00e9<\/li>\n<li>d&#8217;am\u00e9liorer sa pratique dans la th\u00e9matique Mentalisation et Neurosciences<\/li>\n<li>d&#8217;am\u00e9liorer sa pratique dans la th\u00e9matique Mentalisation, Soci\u00e9t\u00e9 et Trauma Social<\/li>\n<\/ul>\n<p><strong>97 % des participants ont constat\u00e9 un impact sur leur pratique apr\u00e8s les formations organis\u00e9es par CARCO<\/strong><\/p>\n<p>&nbsp;<\/p>\n<p><strong>Public attendu<\/strong><\/p>\n<p>Le congr\u00e8s est destin\u00e9 aux professionnels concern\u00e9s par la sant\u00e9 mentale et la pratique de la mentalisation :<\/p>\n<p><strong>M\u00e9decins<\/strong><\/p>\n<ul>\n<li>Psychiatres (adultes, enfants et adolescents, personnes \u00e2g\u00e9es)<\/li>\n<li>Neurologues \u00b7 P\u00e9diatres \u00b7 M\u00e9decins g\u00e9n\u00e9ralistes<\/li>\n<li>Psychopharmacologues \u00b7 Chercheurs en neurosciences<\/li>\n<\/ul>\n<p><strong>Autres Professionnels de Sant\u00e9 et du Soin<\/strong><\/p>\n<ul>\n<li>Psychologues \u00b7 Psychoth\u00e9rapeutes \u00b7 Psychanalystes<\/li>\n<li>Infirmiers (IDE, IPA) \u00b7 Psychomotriciens \u00b7 Ergoth\u00e9rapeutes<\/li>\n<li>Cadres de sant\u00e9 \u00b7 Orthophonistes \u00b7 Travailleurs sociaux<\/li>\n<li>Pair-aidants \u00b7 M\u00e9diateurs pairs \u00b7 Familles de patients<\/li>\n<\/ul>\n<p><strong>Chercheurs et acad\u00e9miques<\/strong><\/p>\n<ul>\n<li>Universitaires et chercheurs dans le champ de la sant\u00e9 mentale et des neurosciences<\/li>\n<li>Doctorants et post-doctorants<\/li>\n<\/ul>\n<p><strong>Pr\u00e9-requis pour assister \u00e0 la formation<\/strong><\/p>\n<p>Les participants \u00e0 la formation doivent exercer une des professions cit\u00e9es dans la rubrique Public Attendu et devront la renseigner dans le formulaire d&#8217;inscription.<\/p>\n<p><strong>Programme et outils p\u00e9dagogiques<\/strong><\/p>\n<p>Le programme du TBM 2026 est structur\u00e9 autour de deux formats principaux, permettant \u00e0 chacun d&#8217;adapter son parcours de formation \u00e0 son niveau et \u00e0 ses objectifs professionnels.<\/p>\n<p><strong>Lors du TBM 2026, vous pourrez assister :<\/strong><\/p>\n<ul>\n<li><strong>S\u00e9ances Pl\u00e9ni\u00e8res <\/strong>(45 \u00e0 90 minutes) \u2014 Conf\u00e9rences avec des experts internationaux de la mentalisation, accessibles \u00e0 l&#8217;ensemble des participants. Elles couvrent les avanc\u00e9es scientifiques r\u00e9centes et les perspectives cliniques et de recherche les plus actuelles.<\/li>\n<li><strong>Workshops <\/strong>(90 minutes) \u2014 Ateliers interactifs permettant d&#8217;approfondir une th\u00e9matique clinique ou de recherche sp\u00e9cifique. Anim\u00e9s par des intervenants sp\u00e9cialis\u00e9s, ils favorisent les \u00e9changes de pratiques et l&#8217;exploration de nouvelles strat\u00e9gies d&#8217;intervention.<\/li>\n<\/ul>\n<p><strong>En amont et en aval du congr\u00e8s :<\/strong><\/p>\n<ul>\n<li><strong>Acc\u00e8s \u00e0 la plateforme en ligne <\/strong>\u2014 chaque participant disposera d&#8217;un acc\u00e8s permettant de revisionner \u00e0 distance les sessions enregistr\u00e9es et de consulter les diaporamas diffus\u00e9s. L&#8217;ensemble des r\u00e9sum\u00e9s des communications est \u00e9galement disponible sur la page d\u00e9di\u00e9e du site du congr\u00e8s.<\/li>\n<\/ul>\n<p><strong>Certificat de pr\u00e9sence et suivi<\/strong><\/p>\n<p>Les participants \u00e0 la formation se verront d\u00e9livrer une attestation de pr\u00e9sence gr\u00e2ce aux validations suivantes :<\/p>\n<ul>\n<li>Le retrait de leur badge \u00e0 l\u2019accueil du congr\u00e8s (pr\u00e9sentiel)<\/li>\n<li>Le suivi de leur connexion \u00e0 la plateforme en ligne (distanciel)<\/li>\n<\/ul>\n<p>\u00c0 l&#8217;issue de la formation, pour obtenir son certificat de pr\u00e9sence, le remplissage d&#8217;un questionnaire de suivi de la qualit\u00e9 de la formation sera exig\u00e9.<\/p>\n<p><strong>Accueil des personnes en situation de handicap<\/strong><\/p>\n<p>Si vous \u00eates en situation de handicap et que vous souhaitez participer au TBM 2026, nous vous invitons \u00e0 nous contacter avant inscription afin d&#8217;envisager des dispositions particuli\u00e8res pour vous permettre de suivre notre formation.<\/p>\n<p>Nous privil\u00e9gions le contact direct via l&#8217;adresse mail inscriptions@carco.fr, mais vous pouvez contacter toute personne de notre \u00e9quipe qui saura vous orienter au mieux.<\/p>\n<p>Les sessions du TBM 2026 organis\u00e9es par CARCO se d\u00e9roulent en pr\u00e9sentiel et sont accessibles en digital. Cette digitalisation permet un enrichissement de ces formations et r\u00e9duit les obstacles qui peuvent limiter la participation des personnes en situation de handicap.<\/p>\n<p><strong>Modalit\u00e9s d&#8217;inscription<\/strong><\/p>\n<p>Vous pouvez vous inscrire pour le TBM 2026 en ligne sur le site du congr\u00e8s.<\/p>\n<p><strong>R\u00e8glement<\/strong><\/p>\n<p>Toute inscription doit obligatoirement \u00eatre accompagn\u00e9e de son r\u00e8glement par :<\/p>\n<ul>\n<li>Ch\u00e8que \u00e0 l&#8217;ordre de CARCO \u2013 TBM2026<\/li>\n<li>Carte bancaire : Visa, Mastercard, AmericanExpress<\/li>\n<\/ul>\n<p>CARCO enverra, d\u00e8s r\u00e9ception du r\u00e8glement, une confirmation d&#8217;inscription et une facture acquitt\u00e9e.<\/p>\n<p><strong>Changement de nom<\/strong><\/p>\n<ul>\n<li>Jusqu&#8217;au vendredi 02 octobre 2026 : aucun frais<\/li>\n<li>\u00c0 partir du samedi 03 octobre 2026 : 75 \u20ac TTC de frais de dossier et ajustement au tarif en vigueur \u00e0 la date du changement<\/li>\n<\/ul>\n<p><strong>Conditions d&#8217;annulation<\/strong><\/p>\n<p>Seules les annulations parvenant \u00e0 CARCO par \u00e9crit (courrier ou mail) seront prises en compte.<\/p>\n<p>Frais d&#8217;annulation :<\/p>\n<ul>\n<li>Jusqu\u2019au 30 avril 2026 : remboursement \u00e0 hauteur de 50 %<\/li>\n<li>\u00c0 partir du 1\u1d49\u02b3 mai 2026 : aucun remboursement<\/li>\n<\/ul>\n<p>En cas d&#8217;annulation pour cause de gr\u00e8ve(s), conditions climatiques, cas de force majeure ou de tout incident ind\u00e9pendant de la volont\u00e9 du TBM 2026, les frais d&#8217;annulation seront appliqu\u00e9s.<\/p>\n<p>Toute inscription en r\u00e8glement administratif \u00ab paiement apr\u00e8s service fait \u00bb est due m\u00eame en cas de d\u00e9sistement ou d&#8217;absence de l&#8217;agent. L&#8217;inscription au congr\u00e8s entra\u00eene l&#8217;acceptation totale de ces conditions.<\/p>\n<p><strong>Date limite d&#8217;inscription<\/strong><\/p>\n<p>Il est possible de s&#8217;inscrire sur le site du congr\u00e8s jusqu&#8217;au dernier jour de celui-ci en pr\u00e9sentiel (29 mai 2026).<\/p>\n<p>Pour assister aux sessions en distanciel, vous pouvez vous inscrire jusqu&#8217;au dernier jour de diffusion sur la plateforme en ligne.<\/p>\n<p>&nbsp;<\/p>\n<p><em>TBM 2026 Paris \u00b7 Amphith\u00e9\u00e2tre Farabeuf \u00b7 28\u201329 mai 2026 \u00b7 inscriptions@carco.fr<\/em>[\/vc_column_text][\/vc_column][\/vc_row]<\/p>\n<\/div>","protected":false},"excerpt":{"rendered":"<p>[vc_row][vc_column width=&#8221;1\/2&#8243;][vc_column_text css=&#8221;&#8221;]Formation Continue (FMC) \u2014 TBM 2026 Paris Faites prendre en charge votre venue au TBM 2026 par votre [&hellip;]<\/p>\n","protected":false},"author":1,"featured_media":0,"parent":0,"menu_order":0,"comment_status":"closed","ping_status":"closed","template":"","meta":{"site-sidebar-layout":"no-sidebar","site-content-layout":"plain-container","ast-site-content-layout":"default","site-content-style":"default","site-sidebar-style":"default","ast-global-header-display":"","ast-banner-title-visibility":"","ast-main-header-display":"","ast-hfb-above-header-display":"","ast-hfb-below-header-display":"","ast-hfb-mobile-header-display":"","site-post-title":"","ast-breadcrumbs-content":"","ast-featured-img":"disabled","footer-sml-layout":"","ast-disable-related-posts":"","theme-transparent-header-meta":"default","adv-header-id-meta":"","stick-header-meta":"","header-above-stick-meta":"","header-main-stick-meta":"","header-below-stick-meta":"","astra-migrate-meta-layouts":"set","ast-page-background-enabled":"default","ast-page-background-meta":{"desktop":{"background-color":"var(--ast-global-color-5)","background-image":"","background-repeat":"repeat","background-position":"center center","background-size":"auto","background-attachment":"scroll","background-type":"","background-media":"","overlay-type":"","overlay-color":"","overlay-opacity":"","overlay-gradient":""},"tablet":{"background-color":"","background-image":"","background-repeat":"repeat","background-position":"center center","background-size":"auto","background-attachment":"scroll","background-type":"","background-media":"","overlay-type":"","overlay-color":"","overlay-opacity":"","overlay-gradient":""},"mobile":{"background-color":"","background-image":"","background-repeat":"repeat","background-position":"center center","background-size":"auto","background-attachment":"scroll","background-type":"","background-media":"","overlay-type":"","overlay-color":"","overlay-opacity":"","overlay-gradient":""}},"ast-content-background-meta":{"desktop":{"background-color":"var(--ast-global-color-4)","background-image":"","background-repeat":"repeat","background-position":"center center","background-size":"auto","background-attachment":"scroll","background-type":"","background-media":"","overlay-type":"","overlay-color":"","overlay-opacity":"","overlay-gradient":""},"tablet":{"background-color":"var(--ast-global-color-4)","background-image":"","background-repeat":"repeat","background-position":"center center","background-size":"auto","background-attachment":"scroll","background-type":"","background-media":"","overlay-type":"","overlay-color":"","overlay-opacity":"","overlay-gradient":""},"mobile":{"background-color":"var(--ast-global-color-4)","background-image":"","background-repeat":"repeat","background-position":"center center","background-size":"auto","background-attachment":"scroll","background-type":"","background-media":"","overlay-type":"","overlay-color":"","overlay-opacity":"","overlay-gradient":""}},"footnotes":""},"class_list":["post-304","page","type-page","status-publish","hentry"],"_links":{"self":[{"href":"https:\/\/tbm2026paris.org\/index.php\/wp-json\/wp\/v2\/pages\/304","targetHints":{"allow":["GET"]}}],"collection":[{"href":"https:\/\/tbm2026paris.org\/index.php\/wp-json\/wp\/v2\/pages"}],"about":[{"href":"https:\/\/tbm2026paris.org\/index.php\/wp-json\/wp\/v2\/types\/page"}],"author":[{"embeddable":true,"href":"https:\/\/tbm2026paris.org\/index.php\/wp-json\/wp\/v2\/users\/1"}],"replies":[{"embeddable":true,"href":"https:\/\/tbm2026paris.org\/index.php\/wp-json\/wp\/v2\/comments?post=304"}],"version-history":[{"count":2,"href":"https:\/\/tbm2026paris.org\/index.php\/wp-json\/wp\/v2\/pages\/304\/revisions"}],"predecessor-version":[{"id":307,"href":"https:\/\/tbm2026paris.org\/index.php\/wp-json\/wp\/v2\/pages\/304\/revisions\/307"}],"wp:attachment":[{"href":"https:\/\/tbm2026paris.org\/index.php\/wp-json\/wp\/v2\/media?parent=304"}],"curies":[{"name":"wp","href":"https:\/\/api.w.org\/{rel}","templated":true}]}}