{"id":161,"date":"2025-06-10T18:47:34","date_gmt":"2025-06-10T16:47:34","guid":{"rendered":"https:\/\/tbm2026paris.org\/?page_id=161"},"modified":"2025-06-10T19:22:09","modified_gmt":"2025-06-10T17:22:09","slug":"call-for-abstract-appel-a-communication","status":"publish","type":"page","link":"https:\/\/tbm2026paris.org\/index.php\/call-for-abstract-appel-a-communication\/","title":{"rendered":"Call for abstract \/ Appel \u00e0 communication"},"content":{"rendered":"<div class=\"wpb-content-wrapper\"><p>[vc_row][vc_column][vc_row_inner][vc_column_inner width=&#8221;1\/2&#8243;][vc_column_text css=&#8221;&#8221;]<\/p>\n<h2>Guidelines for Submission of Abstracts<\/h2>\n<p>[\/vc_column_text][vc_column_text css=&#8221;&#8221;]<\/p>\n<h3>Poster Submission Important Dates<\/h3>\n<p>[\/vc_column_text][vc_column_text css=&#8221;&#8221;]Opening of Poster Submission: 13th June 2025<\/p>\n<p>Deadline to submit Poster Communication: 24th April 2026[\/vc_column_text][\/vc_column_inner][vc_column_inner width=&#8221;1\/2&#8243;][vc_column_text css=&#8221;&#8221;]<\/p>\n<h2>Consigne de r\u00e9daction des Abstracts<\/h2>\n<p>[\/vc_column_text][vc_column_text css=&#8221;&#8221;]<\/p>\n<h3><strong>Les dates importantes<\/strong><\/h3>\n<p>[\/vc_column_text][vc_column_text css=&#8221;&#8221;]Ouverture de la soumission des posters : 13 Juin 2025<\/p>\n<p>Date limite pour soumettre votre poster : 24 Avril 2026[\/vc_column_text][\/vc_column_inner][\/vc_row_inner][\/vc_column][\/vc_row][vc_row][vc_column width=&#8221;1\/2&#8243;][vc_column_text css=&#8221;&#8221;]<\/p>\n<h3>Presentation Type<\/h3>\n<p>Participants can submit Posters[\/vc_column_text][vc_column_text css=&#8221;&#8221;]<\/p>\n<ul>\n<li>Abstract text\n<ul>\n<li>is limited to 2500 signs<\/li>\n<li>may be written in English or French<\/li>\n<li>submitted through the platform<\/li>\n<\/ul>\n<\/li>\n<li>Reference<\/li>\n<li>Keywords<\/li>\n<\/ul>\n<p>[\/vc_column_text][\/vc_column][vc_column width=&#8221;1\/2&#8243;][vc_column_text css=&#8221;&#8221;]<\/p>\n<h3>Type de pr\u00e9sentation<\/h3>\n<p>Les participants peuvent soumettre des Posters[\/vc_column_text][vc_column_text css=&#8221;&#8221;]<\/p>\n<ul>\n<li>Le texte de l&#8217;abstract\n<ul>\n<li>est limit\u00e9 \u00e0 2500 signes<\/li>\n<li>doit \u00eatre r\u00e9dig\u00e9 en anglais ou en fran\u00e7ais<\/li>\n<li>doit \u00eatre soumis via la plateforme<\/li>\n<\/ul>\n<\/li>\n<li>R\u00e9f\u00e9rences bibliographiques<\/li>\n<li>Mots cl\u00e9s<\/li>\n<\/ul>\n<p>[\/vc_column_text][\/vc_column][\/vc_row][vc_row][vc_column][vc_raw_html css=&#8221;&#8221;]JTNDc2NyaXB0JTIwdHlwZSUzRCUyMnRleHQlMkZqYXZhc2NyaXB0JTIyJTIwc3JjJTNEJTIyaHR0cHMlM0ElMkYlMkZjMWVjdDE3NC5jYXNwaW8uY29tJTJGZHAlMkY5YTAyNDAwMGMyYmNjNGM1NzMzODRhMjhhYmNmJTJGZW1iJTIyJTNFJTNDJTJGc2NyaXB0JTNF[\/vc_raw_html][\/vc_column][\/vc_row]<\/p>\n<\/div>","protected":false},"excerpt":{"rendered":"<p>[vc_row][vc_column][vc_row_inner][vc_column_inner width=&#8221;1\/2&#8243;][vc_column_text css=&#8221;&#8221;] Guidelines for Submission of Abstracts [\/vc_column_text][vc_column_text css=&#8221;&#8221;] Poster Submission Important Dates [\/vc_column_text][vc_column_text css=&#8221;&#8221;]Opening of Poster Submission: 13th [&hellip;]<\/p>\n","protected":false},"author":1,"featured_media":0,"parent":0,"menu_order":0,"comment_status":"closed","ping_status":"closed","template":"","meta":{"site-sidebar-layout":"no-sidebar","site-content-layout":"plain-container","ast-site-content-layout":"default","site-content-style":"default","site-sidebar-style":"default","ast-global-header-display":"","ast-banner-title-visibility":"","ast-main-header-display":"","ast-hfb-above-header-display":"","ast-hfb-below-header-display":"","ast-hfb-mobile-header-display":"","site-post-title":"","ast-breadcrumbs-content":"","ast-featured-img":"disabled","footer-sml-layout":"","ast-disable-related-posts":"","theme-transparent-header-meta":"default","adv-header-id-meta":"","stick-header-meta":"","header-above-stick-meta":"","header-main-stick-meta":"","header-below-stick-meta":"","astra-migrate-meta-layouts":"set","ast-page-background-enabled":"default","ast-page-background-meta":{"desktop":{"background-color":"var(--ast-global-color-5)","background-image":"","background-repeat":"repeat","background-position":"center center","background-size":"auto","background-attachment":"scroll","background-type":"","background-media":"","overlay-type":"","overlay-color":"","overlay-opacity":"","overlay-gradient":""},"tablet":{"background-color":"","background-image":"","background-repeat":"repeat","background-position":"center center","background-size":"auto","background-attachment":"scroll","background-type":"","background-media":"","overlay-type":"","overlay-color":"","overlay-opacity":"","overlay-gradient":""},"mobile":{"background-color":"","background-image":"","background-repeat":"repeat","background-position":"center center","background-size":"auto","background-attachment":"scroll","background-type":"","background-media":"","overlay-type":"","overlay-color":"","overlay-opacity":"","overlay-gradient":""}},"ast-content-background-meta":{"desktop":{"background-color":"var(--ast-global-color-4)","background-image":"","background-repeat":"repeat","background-position":"center center","background-size":"auto","background-attachment":"scroll","background-type":"","background-media":"","overlay-type":"","overlay-color":"","overlay-opacity":"","overlay-gradient":""},"tablet":{"background-color":"var(--ast-global-color-4)","background-image":"","background-repeat":"repeat","background-position":"center center","background-size":"auto","background-attachment":"scroll","background-type":"","background-media":"","overlay-type":"","overlay-color":"","overlay-opacity":"","overlay-gradient":""},"mobile":{"background-color":"var(--ast-global-color-4)","background-image":"","background-repeat":"repeat","background-position":"center center","background-size":"auto","background-attachment":"scroll","background-type":"","background-media":"","overlay-type":"","overlay-color":"","overlay-opacity":"","overlay-gradient":""}},"footnotes":""},"class_list":["post-161","page","type-page","status-publish","hentry"],"_links":{"self":[{"href":"https:\/\/tbm2026paris.org\/index.php\/wp-json\/wp\/v2\/pages\/161","targetHints":{"allow":["GET"]}}],"collection":[{"href":"https:\/\/tbm2026paris.org\/index.php\/wp-json\/wp\/v2\/pages"}],"about":[{"href":"https:\/\/tbm2026paris.org\/index.php\/wp-json\/wp\/v2\/types\/page"}],"author":[{"embeddable":true,"href":"https:\/\/tbm2026paris.org\/index.php\/wp-json\/wp\/v2\/users\/1"}],"replies":[{"embeddable":true,"href":"https:\/\/tbm2026paris.org\/index.php\/wp-json\/wp\/v2\/comments?post=161"}],"version-history":[{"count":7,"href":"https:\/\/tbm2026paris.org\/index.php\/wp-json\/wp\/v2\/pages\/161\/revisions"}],"predecessor-version":[{"id":176,"href":"https:\/\/tbm2026paris.org\/index.php\/wp-json\/wp\/v2\/pages\/161\/revisions\/176"}],"wp:attachment":[{"href":"https:\/\/tbm2026paris.org\/index.php\/wp-json\/wp\/v2\/media?parent=161"}],"curies":[{"name":"wp","href":"https:\/\/api.w.org\/{rel}","templated":true}]}}